Determine m(n).
-8
Let p(f) = -5*f + 1. Let l(z) = z**3 + 6*z**2 + 5*z - 2. Suppose -9*j = -6*j + 15. Let x be l(j). What is p(x)?
11
Let s be (2 + -1)/((-6)/12). Let m(q) = 1 + q + 2 + 2*q - 2*q**3. Calculate m(s).
13
Let r(g) be the third derivative of g**6/120 - g**5/60 - g**4/6 - g**3/6 + g**2. What is r(3)?
5
Let h(a) = -2*a + 4. Let w(k) = 4*k + 5. Let b be w(-2). Calculate h(b).
10
Let a(i) = 2*i**3 + 19*i**2 - 12*i - 7. Let y(s) = -s**3 - 9*s**2 + 5*s + 4. Let t(x) = -3*a(x) - 7*y(x). Give t(-5).
13
Let q(v) = 0 + 1 + v**3 + 6. Calculate q(0).
7
Suppose 10 = 5*f + 30. Let k(x) = 14*x + 3. Let w(l) = -15*l - 4. Let n(t) = f*w(t) - 5*k(t). Calculate n(1).
-9
Let s(f) = 4*f**3 - 1. Let y be s(1). Let k(q) = 0*q + y*q + 0*q + 3. Determine k(-4).
-9
Suppose 10*y - 27*y + 51 = 0. Let a(x) = -4*x**2 - 9*x - 1. Let n(j) be the first derivative of -j**3/3 - j**2 - 1. Let m(u) = 2*a(u) - 9*n(u). What is m(y)?
7
Let b(r) = -4*r + 1. Let c(f) = -5*f + 1. Let n(j) = -2*b(j) + 3*c(j). Calculate n(1).
-6
Let g(a) = -2*a**2 - 6*a + 3. Let y be g(-3). Let r(b) = -b**2 + 3*b - 3. Give r(y).
-3
Let p(u) = 7*u**3 - 3*u**2 - 3. Let o(j) = -15*j**3 + 6*j**2 + 6. Let d(g) = 6*o(g) + 13*p(g). Let t be 5/(-2)*6/(-5). Calculate d(t).
-3
Let i(o) = o**3 + 5*o**2 + 2*o. Suppose -2*s = 4 - 2. Let u be (-2 - s)*5 + 1. What is i(u)?
8
Let x be -1 + -1 - (-4 + 2). Suppose x = 3*k - 5*k. Suppose k*u = -u - 4. Let c(b) = b - 1. Calculate c(u).
-5
Let o(n) = n**3 - n**2 - 2*n - 1. Let z = -9 + 16. Suppose -z = -3*y + 17. Let x = y + -6. Give o(x).
-1
Let t(f) = -f**2 + 5*f - 1. Let o be ((-6)/4)/(6/(-8)). Calculate t(o).
5
Suppose 8 = 4*w - r, -4*w + 5*r = w + 5. Let a = -43 + 45. Let y(f) = -2 - 3*f**a - 2*f**3 + f**w - 6*f - 4*f**2. Calculate y(-6).
-2
Suppose 2*h - 26 = -f + 5*f, 16 = -3*f - 2*h. Let m(g) = -g**2 - 7*g + 9. Let p be m(-8). Let o(q) = p - 2*q - 2 + 3*q - 2*q. Give o(f).
5
Let v(f) = -6*f**3 + f**2. Let y be (9/(108/(-8)))/(4/(-6)). Calculate v(y).
-5
Let a(i) be the second derivative of -7*i**3/6 + i**2/2 - 12*i. Calculate a(2).
-13
Let g be -5*((-3)/5 - -1). Let j be 5/3*6/g. Let q(r) = 4*r. Let a(z) = -z**2 + 21*z + 6. Let c(b) = -a(b) + 6*q(b). Determine c(j).
4
Suppose 106*f - 8 = 104*f. Let z(k) = 3*k**2 - 9*k - 5. Let s(b) = b**2 - 3*b - 2. Let m(a) = -11*s(a) + 4*z(a). Determine m(f).
6
Let v = -4 + 6. Let q = v - 1. Let x(f) = -4*f**2 + 2*f - 1. Give x(q).
-3
Let c = -6 + 11. Let q(u) be the first derivative of -5/2*u**2 - 4/3*u**3 + 1/4*u**4 + 2 - 6*u. Give q(c).
-6
Let w(c) = -24*c - 10. Let g(l) = -5*l - 2. Let r(i) = 14*g(i) - 3*w(i). Let q = -8 + 5. Let h be q*(15/(-9) - -1). Give r(h).
6
Let q(n) be the first derivative of -n**3/3 - 5*n**2/2 - 5*n - 2. Calculate q(-4).
-1
Let s(j) = j + 2. Let m = -3 + 6. Suppose -m*b + 8 + 1 = 0. Give s(b).
5
Let p(x) be the second derivative of -x**4/12 + x**3 + 3*x**2/2 + 8*x. What is p(5)?
8
Let z(b) = b**2 + b - 3. Let j(y) = 3*y - 5*y - 11 + 3. Let t be j(-6). Suppose -2*l = h + t - 1, h + 4*l = -9. Give z(h).
9
Let k(q) = -6*q - 7. Suppose 3*u + 6 = -0*u, 0 = -3*z + 2*u - 11. Calculate k(z).
23
Let u(i) be the second derivative of -i**3/6 + 5*i**2/2 - i. Determine u(0).
5
Let g(l) = -l**2 - 6*l + 3. Let j be 54/(-10) - 4/(-10). Let c be g(j). Let u = c - 7. Let m(z) = 4*z - 1. Determine m(u).
3
Let h(d) be the first derivative of -d**3/3 - d**2 + 2*d + 12. Give h(-4).
-6
Let n = -212 - -210. Let o(h) = -h**3 - 3*h**2 + 3*h + 3. Calculate o(n).
-7
Suppose -5*b + 56 = -b. Suppose 3*s + b = -1. Let f(j) be the second derivative of j**4/12 + 7*j**3/6 + 2*j**2 + 3*j. What is f(s)?
-6
Let c(o) = -3*o**2 - o. Suppose -2 + 5 = 3*g. Calculate c(g).
-4
Let h(x) be the second derivative of 0*x**2 - x + 0 + 1/6*x**3. Let g be (-4)/22 - 184/(-44) - -2. Calculate h(g).
6
Let q(y) be the first derivative of y**4/4 + y**3 + y**2 - 2*y + 9. Determine q(-2).
-2
Let j(h) = h**3 + 7*h**2 + 6*h - 4. Let y be j(-6). Let f(s) be the second derivative of s**4/12 + s**3/3 - 2*s**2 - 10*s. Determine f(y).
4
Let u(g) = g + 4. Let f be u(-6). Let r(b) = b**2 + 1. Let p be r(f). Let y(n) = p + 7 + n**2 - 3 - 4 - 6*n. What is y(6)?
5
Let m(w) be the first derivative of -1/2*w**2 + 3 + 3/2*w**3 - 3*w. Let h(t) be the first derivative of m(t). Give h(1).
8
Let s(d) = -d. Let x(c) = 1 + 0 + 0 - 2. Let o(a) = 4*s(a) + x(a). Give o(-2).
7
Let n(k) = k**2 - 2*k - 3. Suppose 0 = 22*b - 21*b - 3. Calculate n(b).
0
Suppose -z - o + 2 = 0, 3*o = 5*z - 2 - 0. Let x be (13 - 1)/2 - z. Let l(u) be the first derivative of -u**4/4 + 2*u**3 - 5*u**2/2 - 3*u + 1. What is l(x)?
-3
Let k(i) be the third derivative of -i**6/120 - i**5/12 - i**4/24 - i**3/6 - 5*i**2. Let j = -5 - 0. What is k(j)?
4
Let j be (21/12)/((-2)/16). Let g(b) = b + 20. What is g(j)?
6
Let d(l) = l**2 + 6*l - 2. Suppose 0*b - 6 = -b - 2*j, -3*j = -4*b + 35. Suppose -f = -2*f - b. Let p be (3 + 18/f)*-8. What is d(p)?
-2
Let d(u) be the first derivative of -11*u**2/2 + 3*u - 2. Let a(m) = 5*m - 1. Let t(z) = -13*a(z) - 6*d(z). What is t(-4)?
-9
Let g(u) = -3*u**2 + 2*u + 2. Suppose 10*j + 23 = 3. What is g(j)?
-14
Let u be 1 + 0 - -4*2. Suppose 0 = 5*i - 2*i - 18. Let o(a) = 2*a - u*a + i*a - 6. What is o(0)?
-6
Let n(g) = -g**2 + 7*g - 3. Let l(j) = j**2 - 3*j - 5. Let o be l(5). Determine n(o).
7
Let r be (24/(-9))/((-1)/(-3)). Let a be (-116)/(-14) - r/(-28). Let o(z) = z**3 - 8*z**2 - 4. Let j be o(a). Let h(d) = d**2 + 5*d - 3. Calculate h(j).
-7
Let d(q) be the second derivative of q**5/20 - q**4/3 - 14*q. What is d(4)?
0
Let f(y) = 6*y + 9. Let i(v) = v. Let z(c) = -f(c) + 5*i(c). Determine z(0).
-9
Let s(d) be the first derivative of -1 + 0*d**2 + 1/3*d**3 + 1/4*d**4 + 0*d. What is s(0)?
0
Let l(p) = -3*p + 23. Let c(w) = -w. Let q be c(1). Let r(x) = -x + 1. Let d(s) = q*l(s) + 4*r(s). Determine d(0).
-19
Let z = -7 + 5. Let g(w) = -w**3 + w**2 - w. Let t(o) = 3*o**3 + 2*o**2 - 2*o. Let m(b) = z*g(b) - t(b). Let p = -3 + -2. Calculate m(p).
5
Let t(g) = -g**3 + 6*g. Let a(i) = i**2 + i - 1. Let h(k) = 4*a(k) - t(k). Determine h(-4).
4
Let h(j) = 3*j**2 - 2*j + 3. Suppose 4*u - 3*u = -5. Let l(m) = 5*m**2 - 3*m + 4. Let d(c) = u*l(c) + 8*h(c). Give d(0).
4
Let u be -1 + (0 - (-1 + -3)). Let n be 30/8 - (-1)/4. Let p(f) = -f + 3*f - f**2 - 8 + n. Give p(u).
-7
Let z(a) = a + 5. Suppose 8*i + 35 = 3*i. Give z(i).
-2
Let g(n) be the second derivative of -n**4/12 + 2*n**3/3 - 2*n**2 + n. Let q = 29 + -25. What is g(q)?
-4
Let b(x) = -7*x**2 + 0*x**2 - x + 7 - x - 4*x**3 + 3*x**3. Calculate b(-5).
-33
Let g(z) = -3*z**2 + 1. Let j = -27 + 28. Determine g(j).
-2
Let s(g) = -g**2 - 6*g + 5. Suppose 3*j = c + 2 + 3, 10 = -2*c + 4*j. What is s(c)?
10
Let m(x) be the second derivative of x**3/6 + x**2/2 + 8*x. Determine m(-3).
-2
Let i(z) be the first derivative of z**3/3 - z**2 - 3*z - 3. Let o(g) = 6*g + 1. Let n be o(-1). Let m be -1 - (1/1 + n). Calculate i(m).
0
Let a(x) be the first derivative of -x**4/4 - 2*x**3/3 + x**2 - x - 4. Determine a(-2).
-5
Let q = 39 + -19. Let h be 2/(-10)*q/(-4). Let n(p) be the second derivative of -p**4/4 + p**3/6 - p. Determine n(h).
-2
Let l(d) = d**3 - 8*d**2 + 7*d + 1. Suppose 5*w + 13 = -z, -z + 2*w - 9 = 6*w. Determine l(z).
1
Let z(j) = j**2 + j + 1. Let b(g) be the third derivative of g**5/15 - g**4/24 - g**3/3 + 2*g**2. Let n(p) = b(p) - 2*z(p). What is n(3)?
5
Let a(n) = -3*n - 16 + 9 + 10 + n. Determine a(4).
-5
Let i be (2 - (-1 - 0))*1. Suppose -34 = 4*r - 2*u - 0*u, -i*r + 3*u = 33. Let k(c) = c. Let a(q) = -6*q - 5. Let f(l) = a(l) + 5*k(l). Give f(r).
1
Let u(b) = -b**3 + 5*b**2 - 4*b. Let p be u(3). Let r be p/(-9)*-6 - 0. Let m(y) = 0 - y**3 - 5*y**2 - r*y - 3 - 1. Give m(-3).
-10
Let d = -19 - -18. Let r(u) = 4*u**2 + u + 1. What is r(d)?
4
Suppose -4*t - 6 + 126 = 0. Suppose -t*h = -27*h. Let k(u) = u + 4. What is k(h)?
4
Let z(u) = 6 - 18 + 3*u - u. Let x(g) = g - 6. Let t be (-5)/(-2)*(-7)/((-70)/(-8)). Let i(d) = t*z(d) + 5*x(d). Give i(0).
-6
Suppose 10 = 2*o + 2*q + 28, -q = 3*o + 17. Let r be (-1)/(-2) - 2/o. Let t(x) = 8*x**2 - x + 1. Determine t(r).
8
Let u(f) = -f**3 + 13*f**2 + 14*f + 4. Let p be u(14). Let a(g) = p*g - 4*g**2 + 0 + 1 + 4 - 7. What is a(2)?
-10
Let v(c) = -3*c. Let l = -5 - -4. What is v